 -18 - -20)?
-23
What is 21 + -10 - -10 - (11 + -66 - -15)?
61
(-6 - (-5 + -4 + 4 - (6 - -28))) + -6
27
What is -12 - ((-18 - 62) + 32)?
36
What is the value of (25 + -26 - (1 - 7) - -7) + -58 + 29?
-17
Calculate 14 - (-126 - (-1 - (13 - -19))).
107
What is the value of 12 + (-51 - (-43 - -7))?
-3
What is -34 - (-48 + 38 + 19 + -7 + 2)?
-38
Calculate -2 - 1 - (4924 + -4931).
4
What is the value of (15 - -229) + -109 + (4 - 8)?
131
What is the value of 11 - -94 - 9 - 12 - 6?
78
(37 - (81 + -27)) + -25
-42
What is -53 + (92 - 32) + -50?
-43
What is the value of -31 + 0 + (-10 + -7 - (22 - 44))?
-26
What is the value of (16 - (-24 + 49) - 9) + 26?
8
Evaluate (-2 - (-3 - (-1 + 13 + -3))) + 25.
35
(40 - (-54 - -106)) + 3 + 1 + 1
-7
What is the value of 7 - ((11 - -9) + -45)?
32
Calculate (7 - 10 - (-33 - 2)) + (-554 - -561).
39
-33 - (39 + -75) - (39 - 1) - (8 - 0)
-43
Evaluate -30 - (-136 + 63 + 3).
40
What is the value of 24 - 12 - 11 - (1 - -91) - (13 + -4)?
-100
What is -2913 + 2823 - (-1 - 67)?
-22
Evaluate -75 + 39 + (33 - 2 - 35).
-40
(3 - (-9 + (26 - 20))) + -29
-23
What is the value of 23 - (31 + 117 + -26) - (8 - (3 + -2))?
-106
What is the value of 58 + -49 + (69 - -12 - (-2 - -7 - 2))?
87
What is the value of 2 + 19 + (-200 - -161) + 92 + -5?
69
What is the value of -66 - (-41 + -29 + 14)?
-10
Evaluate -62 - (-150 - -81 - -54).
-47
What is (98 - 59) + -34 + (-38 - 0)?
-33
Evaluate ((-1 - 28) + 60 - 0) + (3 - 0).
34
Calculate 61 + -74 - (-26 - -1) - (76 - (-3 - -1)).
-66
What is (4 + -3 + -9 - (-9 + 3)) + 10?
8
Evaluate -162 + 42 + 141 + (2 - 17).
6
What is the value of (28 - 47) + 47 + -28 + (-2 - 0 - -28)?
26
Calculate 1 + 13 + 5 + 27 + -35 + 37.
48
Calculate 4 + -16 + (8 - (-6 + -4 + 9)).
-3
What is (33 - 22) + 2 + -6 - (-51 - -91)?
-33
Calculate -73 + 6 + (1 - 3) + (69 - 65).
-65
Calculate (9 - -3) + 23 + 11 + -52.
-6
What is the value of 45 + -36 - ((5 - 5) + -4) - (76 - 60)?
-3
-14 + 45 + -61 + -27
-57
Calculate -289 - -483 - 182 - (0 + -46 - 1).
59
Calculate 15 + 7 + (-13 - (0 + -3)) + 3.
15
22 - (45 - 78) - 33
22
What is the value of -16 - (-1 + -6 - (-54 - -47)) - -42?
26
Evaluate 13 + 48 + -110 + 35.
-14
Calculate (-42 - -76) + (29 - (30 - 19)).
52
What is the value of 41 + 4 + (1 + 4 - 0) + -9?
41
What is the value of (45 + -59 - 10) + 21?
-3
Calculate (4 - (37 - -10 - 3)) + 10 + -7.
-37
What is the value of 25 + (-8 - -18) + -1 - (-7 - 6)?
47
Calculate -47 + -1 + -1 + (-18 - -26).
-41
What is -7 + (-53 - (-264 + 268 - (-2 + 2 - -1)))?
-63
Evaluate 4 + (84 - (-21 + 12) - 13).
84
Evaluate 1 + -8 + 0 + -5 - (-460 + 506).
-58
Calculate (22 + (-37 - -17) - ((1 - 11) + 0)) + -17.
-5
-63 + (-14 + 24 + -19 - -21)
-51
What is -127 - (-9 - -28 - 49 - -6)?
-103
Evaluate -103 + 14 + (45 - 4).
-48
What is -48 + 32 + (9 + 12 - 24)?
-19
Calculate (-2 - 2) + (5 - 20 - ((-9 - -9) + -20)).
1
Calculate -16 + (-2 + -8 - 1) + (61 - (-66 + 19)).
81
Calculate -6 - 44 - (1 - (5 + 6 + 1 + -6)).
-45
Calculate 41 + 107 + -146 - (-29 + 3).
28
Evaluate (-67 + (0 - 2) - -2) + (-90 - (43 + -143)).
-57
Calculate (29 - (53 + -42)) + -2 + 22 + 2.
40
What is the value of 1 + (5 - (6 - (-11 - -12 - 4)))?
-3
Evaluate (35 + -1 - 14) + 66.
86
Evaluate (46 - 31) + -14 + 12 - 26.
-13
(-6 - -3) + (22 - 12) + -25 - -8
-10
What is (658 - 624) + 22 + 0 - (-12 + -1)?
69
Calculate 42 + -22 + 41 + (4 - 180).
-115
What is -27 + (-6 - -5) + (-24 + 43 - 10) + -9?
-28
(-33 - (6 - 8)) + -8 - -2
-37
Calculate -40 - 3 - (-1058 - -1015).
0
What is the value of 1 - 4 - (-51 - ((20 - (17 - 15)) + -1))?
65
Evaluate -314 + 325 + (1 + -6 + 5 - -23).
34
What is the value of 14 - (-61 + 37 + 82)?
-44
Evaluate -3667 + 3706 + -2 + -1 + -14.
22
What is (2 - 0) + -35 + 42 - (-1 - -10)?
0
What is -38 + 31 - (-8 - (4 + 1 + 15))?
21
What is the value of (-49 - -61) + 7 + (5 - 3)?
21
What is 155 + (-37 - 103) + 28 + -1?
42
Calculate -43 + -9 + -14 + (-7 - -6 - -4).
-63
-6 - (50 + (16 - 44)) - -80
52
Evaluate -22 + 1 + (5 - 73) + (-264 - -247).
-106
Evaluate 78 - (-10 - (-8 + 14 + -8 - -8)).
94
Calculate (194 + -194 - (1 + 38)) + 17.
-22
16 + (26 - 47 - 38)
-43
Evaluate -8 - (-124 + (114 - 60)).
62
Calculate 16 + (-1 - (5 + 6)) - (36 - (-3 - 0)).
-35
What is -29 - (-56 + 4 - (-653 - -645))?
15
Evaluate -58 + (-33 - -68) + 46.
23
Calculate 5 - (-3 + (-16 - (6 + -36) - 21)).
15
Evaluate 10 + 16 + (-27 - -12) - 3 - 6.
2
44 - (21 - 107) - 68
62
52 + (111 - 84) + -100
-21
What is the value of (304 - 318) + (4 - (-3 - -3) - -4)?
-6
Evaluate (-22 - (14 - (3 + 3) - 14)) + -11.
-27
(-77 - 2) + 105 + -98 + (20 - 0)
-52
Evaluate 21 + -8 + (11 + -6 - -29 - 7).
40
What is (-20 - -28 - -5) + (1 - -3) - -8?
25
Evaluate (54 - 45) + -8 - (0 + (3 - 1) + -45).
44
What is (-10 - 0) + (6363 - 6266)?
87
Calculate 5 + -15 - (7 - (12 - -3 - 51) - 10).
-43
Evaluate (150 - 143) + -2 + 62 + -23.
44
2 + -8 - (13 - (-110 + 223))
94
What is -123 - -81 - (-4 - 36)?
-2
What is the value of 13 + -66 + (2 - (-7 + (6 - 0)))?
-50
Evaluate -73 + 2 + 901 + -864.
-34
Evaluate -38 + (-46 - (-31 + 5)) + -2.
-60
Evaluate -10 + -51 + (-27 - -39).
-49
What is -67 + (65 - (46 - 13))?
-35
Calculate 208 - 199 - (-11 + (-10 - 1)).
31
What is -6 + -4 + -41 - (6 - 26)?
-31
What is -2 - ((-14 + 10 - 2) + 10 + -13 + -3)?
10
What is -110 - (72 + 15 + -198)?
1
Evaluate 76 - (-18 - (7 + (-17 - 18))).
66
Calculate -6 - ((-67 - (-13 + 26)) + 0 + 12).
62
What is the value of -12 + 14 + 23 + -13 + -7?
5
What is the value of -1 + 14 + (204 - (114 + 117))?
-14
Calculate (34 - (-1 - (-70 + 26))) + (0 - -52).
43
Evaluate (86 - 3 - (8 - (4 - 9))) + -14.
56
Evaluate 0 + 8 - (-72 - (-24 - 17 - -15)).
54
Evaluate 0 + (-36 - (-29 - 28) - (-2 + (-11 - 1))).
35
What is -85 - (31 + 16 + -32) - (-3 + -1)?
-96
What is (3 + 39 + -11 - 17) + (-69 - 3)?
-58
What is 5 + (-3 - -2) + -55 + 47?
-4
What is 43 + 4 + 0 - ((1 - 2) + (-71 - -75))?
44
What is the value of -46 + 35 + -64 + 147?
72
Calculate 17 + (2 - (-266 - -253 - (-2 + 111))).
141
Calculate 47 - (137 - 66 - -101).
-125
What is -284 + 157 + 139 + -19 + (-1 - 0)?
-8
What is the value of 18 + (-5 - -3) + (9 + -7 - 1)?
17
What is the value of -3 + 13 + 3 + -54 + 43?
2
What is the value of (30 - -61) + -5 + -2 + 0 + (1 - 4)?
81
(2 + -2 - (3 - (-62 + 6))) + (-1129 - -1144)
-44
Calculate -29 + (-21 - -19 - (-14 - 1)).
-16
(31 - -58) + -21 + -20 + -2 - (-15 + 1)
60
Evaluate (-5 - (2 + 10)) + 1 - (0 - (-36 - 1)).
-53
(-9 + (12 - 6) - (-122 + 22)) + 12
109
Evaluate (32 - (-12 + (-10 - -11))) + (-11 - -6) + 9.
47
Calculate (-17 - (-23 - 12)) + -21 + 1 + 23.
21
Calculate 176 - (-139 - -70 - -127).
118
Evaluate (-1 - -2 - -5 - (280 + -284)) + -3.
7
Evaluate -14 + -7 - (-150 + 114).
15
Calculate (529 - 479) + -2 + -2.
46
What is 35 - (12 + 12) - 4 - 35?
-28
Evaluate 4 + (-17 - 2) + 49.
34
Evaluate (2 + -1 - (-3 + 1 - 9)) + (-10267 - -10188).
-67
What is 0 + 32 - (-94 + (248 - 48))?
-74
Evaluate -5 - -1 - (10 + 5 + -17 - 8).
6
What is 9 + (-1 - -2) + (-107 - -171) + -71?
3
What is 37 - (16 + -56 + 38)?
39
Evaluate -3 - 80 - (-341 + 330).
-72
Evaluate 1 + 14 - (173 + -150) - 29.
-37
Evaluate (-1541 - -1512) + (2 - 19).
-46
(4 - 1) + (188 + -60 - 154)
-23
(19 - (51 + -22)) + (8 - (-4 + 7))
-5
Calculate (-46 + 56 - 47) + -73.
-110
-13 - ((40 - 4) + -20 + 0 + 0)
-29
What is the value of -12 + (-3 + 21 - 16) + 31?
21
What is -7306 + 7333 - ((-21 - -1) + -1)?
48
What is the value of -1 + 68 + -11610 + 11538?
-5
Calculate (1 - -14) + -75 + (-63 - (65 + -131)).
-57
What is 8 + (20 - -103 - 51)?
80
Evaluate (36 - (27 + 25)) + 57 - (-10 + (-1 - 2)).
54
What is (120 - 401) + 250 + (-1 - 0 - -17)?
-15
Evaluate -37 - (-28 - (7 + -28 + 17)).
-13
What is -10 - (-11 + 20 + -10 + 4)?
-13
Calculate 224 + -38 - (-51 + 161).
76
What is (-119 - 51 - -51) + 147?
28
Calculate -12 - (25 + -16 + -36 + -11 - (-17 + 1)).
10
Calculate (-2 + 3 - 45) + (2 - -25) + (-14 - 14).
-45
Calculate -48 - (-48 - (-35 + -8)).
-43
383 - 327 - (-3 + -3 - (-1 - (1 + 1)))
59
Calculate 5 + (-32 - -22) + -30.
-35
Evaluate 44 + (0 - 54) + 21 + (-45 - -8).
-26
What is 54 + (-112 - -49) + (0 - 12)?
-21
What is -1 + (1 - -14) + 6538 + -6554 + -15?
-17
-15 + 11 + -21 - (-13 - -7 - -1)
-20
Calculate (-17 - -25) + (-17 + 1 - (191 - 200)).
1
What is the value of 1 + (100 - 17 